{"id":14237,"date":"2025-12-15T08:05:13","date_gmt":"2025-12-15T07:05:13","guid":{"rendered":"https:\/\/kolo-nowaruda.klodzko.pttk.pl\/?page_id=14237"},"modified":"2025-12-15T08:05:13","modified_gmt":"2025-12-15T07:05:13","slug":"sprawozdanie-z-dzialalnosci-kola-za-lata-2022-2025","status":"publish","type":"page","link":"https:\/\/kolo-nowaruda.klodzko.pttk.pl\/index.php\/sprawozdanie-z-dzialalnosci-kola-za-lata-2022-2025\/","title":{"rendered":"Sprawozdanie z dzia\u0142alno\u015bci Ko\u0142a za lata 2022 &#8211; 2025"},"content":{"rendered":"\n<p>Walne Zebranie Sprawozdawczo-Wyborcze Ko\u0142a, kt\u00f3re odby\u0142o si\u0119 24 kwietnia 2022 r., wy\u0142oni\u0142o nowy Zarz\u0105d w sk\u0142adzie:<br><strong>Prezes Zarz\u0105du \u2013 kol. Witold Telus<br>Skarbnik \u2013 kol. Edward Soja<br>Cz\u0142onek Zarz\u0105du \u2013 kol. Jaros\u0142aw Zychowicz<\/strong><\/p>\n\n\n\n<p>Relacje z imprez 2022-2025<\/p>\n\n\n\n<p>Ko\u0142o liczy\u0142o w dniu wyboru 37 os\u00f3b; wed\u0142ug stanu na 14.12.2025 r. liczba ta wzros\u0142a do <strong>52 cz\u0142onk\u00f3w<\/strong>, co oznacza istotn\u0105 odbudow\u0119 potencja\u0142u organizacyjnego po pandemicznym spadku liczebno\u015bci.<\/p>\n\n\n\n<p><strong>1. Charakterystyka kadencji 2022\u20132025<\/strong><\/p>\n\n\n\n<p>Ta kadencja przypad\u0142a na okres intensywnego odradzania si\u0119 aktywno\u015bci turystycznej po pandemii. W kr\u00f3tkim czasie odbudowali\u015bmy regularno\u015b\u0107 wyjazd\u00f3w, poszerzyli\u015bmy ofert\u0119 programow\u0105 i utrwalili\u015bmy wsp\u00f3\u0142prac\u0119 blisko-regionaln\u0105, szczeg\u00f3lnie z przyjaci\u00f3\u0142mi z <strong>Klubu Czeskich Turyst\u00f3w w Broumovie (K\u010cT Broumov)<\/strong>. Zwi\u0119kszona frekwencja na rajdach, rozbudowane formy turystyki rodzinnej oraz aktywna oferta zimowa sta\u0142y si\u0119 znakiem rozpoznawczym Ko\u0142a.<\/p>\n\n\n\n<p>R\u00f3wnolegle Ko\u0142o kontynuowa\u0142o dzia\u0142alno\u015b\u0107 znakarsk\u0105, wsparcie w rewitalizacji lokalnych tras oraz promocj\u0119 krajoznawstwa. Informacje turystyczno-historyczne przekazywane przez naszych przewodnik\u00f3w i przodownik\u00f3w sta\u0142y si\u0119 integraln\u0105 cz\u0119\u015bci\u0105 ka\u017cdej wycieczki.<\/p>\n\n\n\n<p><strong>2. Dzia\u0142alno\u015b\u0107 programowa \u2013 najwa\u017cniejsze kierunki i wydarzenia<\/strong><\/p>\n\n\n\n<p><strong>2.1. Rajdy dalekobie\u017cne i wycieczki g\u00f3rskie<\/strong><\/p>\n\n\n\n<p>Kadencj\u0119 otworzy\u0142 <strong>Rajd \u201eSzlakiem Zamk\u00f3w Piastowskich\u201d<\/strong> (kwiecie\u0144 2022), kontynuacja cenionej serii z lat poprzednich. Uczestnicy odwiedzili m.in. Koziniec, \u0141omnic\u0119 i Wojan\u00f3w \u2013 z bogat\u0105 narracj\u0105 krajoznawcz\u0105 dotycz\u0105c\u0105 rod\u00f3w von Zedlitz, K\u00fcster czy Schaffgotsch.<\/p>\n\n\n\n<p>W kolejnych miesi\u0105cach odby\u0142y si\u0119 liczne wyj\u015bcia w Sudety i pasma przygraniczne, m.in.:<br>\u2013 <strong>Vetrov i Dalimilova Rozhledna<\/strong> (maj 2022) \u2013 przyk\u0142ad udanej integracji turystyki z histori\u0105 regionu Jesionik\u00f3w,<br>\u2013 <strong>Che\u0142miec i Wzg\u00f3rza Szczawna-Zdroju<\/strong> (czerwiec 2022),<br>\u2013 <strong>Keprnik<\/strong> z dodatkowym zdobyciem Vozki (sierpie\u0144 2022),<br>\u2013 <strong>Granice Orlick\u00e9 Hory \u2013 \u201eBetonowa Granica\u201d<\/strong> (wrzesie\u0144 2022),<br>\u2013 <strong>Karkonosze po stronie czeskiej i polskiej<\/strong> \u2013 dwudniowy wymagaj\u0105cy, a miejscami mglisty, rajd wodospadowy (sierpie\u0144 2022).<\/p>\n\n\n\n<p>Ka\u017cdy z wyjazd\u00f3w dokumentowany by\u0142 fotograficznie i uzupe\u0142niany du\u017c\u0105 porcj\u0105 wiedzy geologicznej, g\u00f3rniczej, historycznej i przyrodniczej.<\/p>\n\n\n\n<p><strong>2.2. Wsp\u00f3\u0142praca transgraniczna z K\u010cT Broumov<\/strong><\/p>\n\n\n\n<p>W latach 2022\u20132025 kontynuowano wsp\u00f3\u0142prac\u0119 z czeskimi partnerami, w tym udzia\u0142 w <strong>Putov\u00e1n\u00ed Broumovskem<\/strong> (maj 2022). Tradycja wsp\u00f3lnych wypraw, zapocz\u0105tkowana lata wcze\u015bniej, umacnia relacje polsko-czeskie i zwi\u0119ksza atrakcyjno\u015b\u0107 naszej oferty.<\/p>\n\n\n\n<p><strong>2.3. Turystyka rodzinna i mi\u0119dzypokoleniowa<\/strong><\/p>\n\n\n\n<p>W 2022 r. Ko\u0142o do\u0142\u0105czy\u0142o do og\u00f3lnopolskiej inicjatywy \u201eSztafeta pokole\u0144\u201d, organizuj\u0105c <strong>I Rajd Rodzinny \u201ePo\u017cegnanie Lata\u201d<\/strong> (wrzesie\u0144 2022). Ponad 100 uczestnik\u00f3w maszerowa\u0142o trzema trasami, kt\u00f3re spotka\u0142y si\u0119 pod G\u00f3r\u0105 Wszystkich \u015awi\u0119tych. Wydarzenie po\u0142\u0105czy\u0142o dzieci, rodzic\u00f3w, student\u00f3w UTW i senior\u00f3w.<\/p>\n\n\n\n<p>Regularne by\u0142y te\u017c wsp\u00f3\u0142organizowane ze \u015brodowiskiem NUTW zimowe wyprawy rekreacyjne, kt\u00f3re z roku na rok przyci\u0105ga\u0142y kilkudziesi\u0119cioosobowe grupy.<\/p>\n\n\n\n<p><strong>2.4. Program zimowy \u201eGwareckie Zimy\u201d<\/strong><\/p>\n\n\n\n<p>Zim\u0105 realizowano sta\u0142y cykl <strong>\u201eZimowe Gwarkowanie\u201d<\/strong> \u2013 od stycznia do marca ka\u017cdego roku.<br>Trasy obejmowa\u0142y m.in. G\u00f3r\u0119 \u015bw. Anny, Kr\u0119piec, okolice Bieganowa, Szlak Dw\u00f3ch Wie\u017c, Dzikowiec i Dolin\u0119 Mumink\u00f3w. Nawet przy du\u017cych opadach \u015bniegu czy b\u0142ocie frekwencja utrzymywa\u0142a si\u0119 wysoko, a ogniska i zaj\u0119cia integracyjne sta\u0142y si\u0119 wizyt\u00f3wk\u0105 cyklu.<\/p>\n\n\n\n<p><strong>2.5. Klasyczne rajdy ko\u0142owe<\/strong><\/p>\n\n\n\n<p>Kontynuowano organizacj\u0119 tradycyjnych imprez Ko\u0142a:<\/p>\n\n\n\n<p>\u2013 <strong>Rajd Niepodleg\u0142o\u015bci<\/strong> (listopad 2022) \u2013 piesza pielgrzymka ze \u015bpiewem hymnu o 11:11,<br>\u2013 <strong>Rajd Barb\u00f3rkowy<\/strong> \u2013 w 2022 r. wzi\u0119\u0142o w nim udzia\u0142 38 os\u00f3b, w tym dzieci, m\u0142odzie\u017c i seniorzy; cz\u0119\u015bci\u0105 programu by\u0142o zwiedzanie obiekt\u00f3w g\u00f3rniczych Nowej Rudy.<\/p>\n\n\n\n<p><strong>2.6. Turystyka kulturowa, historyczna i miejska<\/strong><\/p>\n\n\n\n<p>W latach 2022\u20132025 odbywa\u0142y si\u0119 liczne wycieczki tematyczne, m.in.:<\/p>\n\n\n\n<p>\u2013 zwiedzanie <strong>Starej Kopalni w Wa\u0142brzychu<\/strong> oraz <strong>Muzeum Porcelany<\/strong> (wrzesie\u0144 2022),<br>\u2013 w\u0119dr\u00f3wki szlakami sakralnymi Barda: Kalwaria, Kaplice R\u00f3\u017ca\u0144cowe, Bazylika, tradycja cud\u00f3w (lipiec 2022),<br>\u2013 spacery w rejonie rybnickiego ko\u015bci\u00f3\u0142ka \u015bw. Jadwigi, Soko\u0142owska i schroniska \u201eAndrzej\u00f3wka\u201d.<\/p>\n\n\n\n<p><strong>2.7. Turystyka aktywna i rekreacyjna<\/strong><\/p>\n\n\n\n<p>Opr\u00f3cz typowych wyj\u015b\u0107 g\u00f3rskich organizowano:<\/p>\n\n\n\n<p>\u2013 <strong>sp\u0142yw pontonowy Prze\u0142omem Nysy K\u0142odzkiej<\/strong> \u2013 2022 r. przyni\u00f3s\u0142 rekord frekwencji i fantastyczne warunki wodne,<br>\u2013 wycieczki przyrodnicze po \u201eSawannie \u0141\u0119\u017cyckiej\u201d,<br>\u2013 wyj\u015bcia po\u0142\u0105czone z elementami edukacji kulturowej (np. wizyta w buddyjskim o\u015brodku Drophan Ling).<\/p>\n\n\n\n<p><strong>2.8. Wielodniowe wyprawy i projekty<\/strong> \u2013 rok 2024 to realizacja odwa\u017cnych projekt\u00f3w kol. <strong>Jaros\u0142awa Zychowicza<\/strong> \u2013 pi\u0119ciodniowej wyprawy w Beskid \u017bywiecki, oraz <strong>Projekt \u201eTysi\u0119czniki Ziemi K\u0142odzkiej\u201d<\/strong> czyli przecieranie \u015bcie\u017cek na pograniczu polsko-czeskim w poszukiwaniu najwy\u017cszych g\u00f3r Hrabstwa K\u0142odzkiego.<\/p>\n\n\n\n<p><strong>3. Dzia\u0142alno\u015b\u0107 organizacyjna i kadrowa<\/strong><\/p>\n\n\n\n<p><strong>3.1. Odbudowa i rozw\u00f3j liczebno\u015bci Ko\u0142a<\/strong><\/p>\n\n\n\n<p>Wzrost z <strong>37 do 52 cz\u0142onk\u00f3w<\/strong> potwierdza, \u017ce atrakcyjna i r\u00f3\u017cnorodna oferta turystyczna pozwoli\u0142a przyci\u0105gn\u0105\u0107 nowe osoby i zaktywizowa\u0107 dawnych cz\u0142onk\u00f3w.<\/p>\n\n\n\n<p><strong>3.2. Kadry turystyczne<\/strong><\/p>\n\n\n\n<p>W trakcie kadencji aktywnie dzia\u0142ali:<\/p>\n\n\n\n<p>\u2013 Przodownicy Turystyki G\u00f3rskiej: <strong>E. Lada, A. Wi\u015bniewski, E. Soja, W. Telus, Cz. Dominas<\/strong>, <strong>J. Zychowicz<\/strong><br>\u2013 Rektor Uniwersytetu Trzeciego Wieku, <strong>A. Szczepan<\/strong><br>\u2013 Znakarze: <strong>A. Wi\u015bniewski, E. Soja, W. Telus, Cz. Dominas<\/strong>,<br>\u2013 Nowi kandydaci do uprawnie\u0144 \u2013 m.in. <strong>kol. Jaros\u0142aw Zychowicz<\/strong>, kt\u00f3ry zako\u0144czy\u0142 kurs przewodnicki sukcesem.<\/p>\n\n\n\n<p><strong>3.3. Struktura pracy i komunikacja<\/strong><\/p>\n\n\n\n<p>Ko\u0142o utrzymywa\u0142o regularn\u0105 aktywno\u015b\u0107 informacyjn\u0105: dokumentacj\u0119 fotograficzn\u0105, publikacje relacji, obs\u0142ug\u0119 strony oraz medi\u00f3w spo\u0142eczno\u015bciowych, bie\u017c\u0105cy kontakt z samorz\u0105dem, Lasami Pa\u0144stwowymi, szko\u0142ami, przedszkolami i K\u010cT.<\/p>\n\n\n\n<p><strong>4. Wk\u0142ad Ko\u0142a w rozw\u00f3j i utrzymanie lokalnych szlak\u00f3w<\/strong><\/p>\n\n\n\n<p>Kontynuowano regularne odnawianie oznakowania oraz prace przy szlakach:<\/p>\n\n\n\n<p>\u2013 szlaku niebieskiego Nowa Ruda \u2013 Broumov,<br>\u2013 szlaku czarnego na Prze\u0142\u0119cz Woliborsk\u0105,<br>\u2013 lokalnych tras g\u00f3rniczych,<br>\u2013 szlak\u00f3w spacerowych wok\u00f3\u0142 miasta.<\/p>\n\n\n\n<p>W wielu miejscach prace te by\u0142y prowadzone w partnerstwie z nadle\u015bnictwem, wolontariuszami i lokalnymi instytucjami.<\/p>\n\n\n\n<p><strong>5. Najwa\u017cniejsze akcenty kadencji<\/strong><\/p>\n\n\n\n<ol class=\"wp-block-list\">\n<li><strong>Stabilizacja i rozkwit dzia\u0142alno\u015bci po pandemii<\/strong>, z siln\u0105 odbudow\u0105 liczebno\u015bci Ko\u0142a.<\/li>\n\n\n\n<li><strong>Wysoka regularno\u015b\u0107 imprez<\/strong> \u2013 kilkadziesi\u0105t wydarze\u0144 rocznie, obejmuj\u0105cych wszystkie pory roku.<\/li>\n\n\n\n<li><strong>Rozw\u00f3j wsp\u00f3\u0142pracy polsko-czeskiej<\/strong>.<\/li>\n\n\n\n<li><strong>Silne wej\u015bcie w turystyk\u0119 rodzinno-edukacyjn\u0105<\/strong>.<\/li>\n\n\n\n<li><strong>Utrzymanie i promocja dziedzictwa g\u00f3rniczego Nowej Rudy<\/strong> \u2013 szczeg\u00f3lna rola Rajdu Barb\u00f3rkowego.<\/li>\n\n\n\n<li><strong>Rozw\u00f3j kompetencji kadrowych<\/strong> \u2013 kolejne osoby przyst\u0119puj\u0105 do egzamin\u00f3w i kurs\u00f3w.<\/li>\n\n\n\n<li><strong>Utrwalona, pozytywna rozpoznawalno\u015b\u0107 Ko\u0142a w mie\u015bcie i regionie<\/strong>.<\/li>\n<\/ol>\n\n\n\n<p><strong>6. Podzi\u0119kowania<\/strong><\/p>\n\n\n\n<p>Pragn\u0119 z\u0142o\u017cy\u0107 serdeczne podzi\u0119kowania:<\/p>\n\n\n\n<p><strong>kol. Edwardowi Soi<\/strong> \u2013 za prowadzenie licznych wycieczek, dokumentacj\u0119 tras, zimowe cykle rekreacyjne i sta\u0142\u0105 gotowo\u015b\u0107 wsparcia organizacyjnego.<br><strong>kol. Jaros\u0142awowi Zychowiczowi<\/strong> \u2013 za odwa\u017cne wej\u015bcie w prac\u0119 Zarz\u0105du, przygotowanie i prowadzenie wycieczek, wzorowe podej\u015bcie do krajoznawstwa i edukacji turystycznej.<br><strong>kol. Edwardowi Ladzie<\/strong> \u2013 za ogromn\u0105 wiedz\u0119 g\u00f3rnicz\u0105 i historyczn\u0105, fotograficzne dokumentowanie wydarze\u0144 i nieocenion\u0105 pomoc w prowadzeniu grup.<br><strong>kol. Czes\u0142awowi Dominasowi<\/strong> \u2013 za merytoryczne komentarze, opiek\u0119 nad grupami i przekazywanie unikalnej wiedzy krajoznawczej.<br><strong>kol. Andrzejowi Wi\u015bniewskiemu<\/strong> \u2013 za wsparcie przewodnickie, wiedz\u0119 o historii g\u00f3rnictwa i kolejnictwa oraz wk\u0142ad w wydarzenia tematyczne.<br><strong>kol. Annie Szczepan<\/strong> \u2013 za organizacj\u0119 licznych wycieczek krajoznawczych po Dolnym \u015al\u0105sku i Republice Czeskiej oraz wsp\u00f3\u0142tworzenie niezapomnianego klimatu wycieczek pieszych po g\u00f3rach i wzg\u00f3rzach.<br><strong>kol. El\u017cbiecie Bisikiewicz<\/strong> \u2013 za ogromne serce i pomoc w organizacji imprez, szczeg\u00f3lnie lokalnych wydarze\u0144 kulturalnych oraz kontakt Zarz\u0105du Ko\u0142a z w\u0142adzami samorz\u0105dowymi.<br><strong>Wszystkim cz\u0142onkom i sympatykom Ko\u0142a<\/strong> \u2013 za obecno\u015b\u0107, zaanga\u017cowanie, \u017cyczliwo\u015b\u0107 i tw\u00f3rcz\u0105 energi\u0119.<\/p>\n\n\n\n<p><\/p>\n","protected":false},"excerpt":{"rendered":"<p>Walne Zebranie Sprawozdawczo-Wyborcze Ko\u0142a, kt\u00f3re odby\u0142o si\u0119 24 kwietnia 2022 r., wy\u0142oni\u0142o nowy Zarz\u0105d w sk\u0142adzie:Prezes Zarz\u0105du \u2013 kol. Witold TelusSkarbnik \u2013 kol. Edward SojaCz\u0142onek Zarz\u0105du \u2013 kol. Jaros\u0142aw Zychowicz Relacje z imprez 2022-2025 Ko\u0142o liczy\u0142o w dniu wyboru 37 os\u00f3b; wed\u0142ug stanu na 14.12.2025 r. liczba ta wzros\u0142a do 52 cz\u0142onk\u00f3w, co oznacza istotn\u0105 [&hellip;]<\/p>\n","protected":false},"author":143,"featured_media":0,"parent":0,"menu_order":0,"comment_status":"closed","ping_status":"closed","template":"","meta":{"ngg_post_thumbnail":0,"footnotes":""},"class_list":["post-14237","page","type-page","status-publish","hentry"],"_links":{"self":[{"href":"https:\/\/kolo-nowaruda.klodzko.pttk.pl\/index.php\/wp-json\/wp\/v2\/pages\/14237","targetHints":{"allow":["GET"]}}],"collection":[{"href":"https:\/\/kolo-nowaruda.klodzko.pttk.pl\/index.php\/wp-json\/wp\/v2\/pages"}],"about":[{"href":"https:\/\/kolo-nowaruda.klodzko.pttk.pl\/index.php\/wp-json\/wp\/v2\/types\/page"}],"author":[{"embeddable":true,"href":"https:\/\/kolo-nowaruda.klodzko.pttk.pl\/index.php\/wp-json\/wp\/v2\/users\/143"}],"replies":[{"embeddable":true,"href":"https:\/\/kolo-nowaruda.klodzko.pttk.pl\/index.php\/wp-json\/wp\/v2\/comments?post=14237"}],"version-history":[{"count":1,"href":"https:\/\/kolo-nowaruda.klodzko.pttk.pl\/index.php\/wp-json\/wp\/v2\/pages\/14237\/revisions"}],"predecessor-version":[{"id":14238,"href":"https:\/\/kolo-nowaruda.klodzko.pttk.pl\/index.php\/wp-json\/wp\/v2\/pages\/14237\/revisions\/14238"}],"wp:attachment":[{"href":"https:\/\/kolo-nowaruda.klodzko.pttk.pl\/index.php\/wp-json\/wp\/v2\/media?parent=14237"}],"curies":[{"name":"wp","href":"https:\/\/api.w.org\/{rel}","templated":true}]}}