{"id":6077,"date":"2023-06-06T12:48:23","date_gmt":"2023-06-06T10:48:23","guid":{"rendered":"http:\/\/kolo-nowaruda.klodzko.pttk.pl\/?page_id=6077"},"modified":"2023-06-14T20:28:49","modified_gmt":"2023-06-14T18:28:49","slug":"regulamin-odznaki-regionalnej-korona-nowej-rudy","status":"publish","type":"page","link":"https:\/\/kolo-nowaruda.klodzko.pttk.pl\/index.php\/regulamin-odznaki-regionalnej-korona-nowej-rudy\/","title":{"rendered":"Regulamin Odznaki Regionalnej &#8222;Korona Nowej Rudy&#8221;"},"content":{"rendered":"\n<p><strong>REGULAMIN &#8211; Odznaka Regionalna \u201eKorona Nowej Rudy\u201d<\/strong><\/p>\n\n\n\n<p><strong>REGULAMIN ODZNAKI<\/strong><\/p>\n\n\n\n<p><strong>KORONA NOWEJ RUDY<\/strong><\/p>\n\n\n\n<p><strong>\u00a7 I. Postanowienia wst\u0119pne<\/strong><\/p>\n\n\n\n<p>1. Odznaka Regionalna \u201eKorona Nowej Rudy\u201d, zwana dalej odznak\u0105, ustanowiona zosta\u0142a przez Ko\u0142o PTTK im. \u201eGwark\u00f3w Noworudzkich\u201d.<\/p>\n\n\n\n<p>2. Celem odznaki jest zach\u0119cenie do poznania Nowej Rudy, uprawiania turystyki i krajoznawstwa g\u00f3rskiego oraz odwiedzania atrakcji turystycznych znajduj\u0105cych si\u0119 na terenie Miasta Nowa Ruda.<\/p>\n\n\n\n<p>3. Nadz\u00f3r nad zdobywaniem odznaki sprawuje Ko\u0142o PTTK im. \u201eGwark\u00f3w Noworudzkich\u201d w Nowej Rudzie oraz Biuro Informacji Turystycznej w Nowej Rudzie.<\/p>\n\n\n\n<p>4. Odznaka posiada jeden stopnie\u0144, a zdobycie jej wymaga spe\u0142nienia warunk\u00f3w zawartych w niniejszym regulaminie.<\/p>\n\n\n\n<p><strong>\u00a7 II. Warunki zdobywania Odznaki<\/strong><\/p>\n\n\n\n<p>1. Odznak\u0119 mo\u017cna zdobywa\u0107 po uko\u0144czeniu 5 roku \u017cycia.<\/p>\n\n\n\n<p>2. Odznak\u0119 otrzymuje si\u0119 po zdobyciu wszystkich miejsc wskazanych w Ksi\u0105\u017ceczce weryfikacyjnej w dowolnie wybranej kolejno\u015bci.<\/p>\n\n\n\n<p>3. Czas zdobywania odznaki jest dowolny.<\/p>\n\n\n\n<p><strong>\u00a7 III. Weryfikacja<\/strong><\/p>\n\n\n\n<p>1. Podstaw\u0105 weryfikacji odznaki jest posiadanie ksi\u0105\u017ceczki weryfikacyjnej odznaki \u201eKorona Nowej Rudy\u201d lub samodzielnie wykonanej kroniki z zachowaniem wymog\u00f3w regulaminu (podaniem danych zdobywcy oraz udokumentowaniem zdobycia poszczeg\u00f3lnych punkt\u00f3w).<\/p>\n\n\n\n<p>2. Potwierdzenie zdobycia poszczeg\u00f3lnej lokalizacji uzyskuje si\u0119 za pomoc\u0105 jednej z podanych mo\u017cliwo\u015bci:<\/p>\n\n\n\n<p>a) zdj\u0119cia, na kt\u00f3rym jest posiadacz ksi\u0105\u017ceczki na tle wskazanego w Ksi\u0105\u017ceczce Weryfikacyjnej miejsca (oznaczonego specjaln\u0105 tablic\u0105 terenow\u0105), lub<\/p>\n\n\n\n<p>b) piecz\u0119ci terenowej (dost\u0119pna na niekt\u00f3rych szczytach w skrzynkach GeoCache, wi\u0119cej na <a href=\"http:\/\/www.geocaching.com\">www.geocaching.com<\/a> pod has\u0142em \u201eKorona Nowej Rudy\u201d), lub<\/p>\n\n\n\n<p>c) wydruku z urz\u0105dzenia GPS.<\/p>\n\n\n\n<p>3. Potwierdzeniem zaliczenia punktu, zamiast zdj\u0119\u0107 i stempli mo\u017ce by\u0107 tak\u017ce po\u015bwiadczenie przez: Przodownika Turystyki Kwalifikowanej, Instruktora Krajoznawstwa, Przewodnika PTTK (je\u017celi bra\u0142 udzia\u0142 w wycieczce).<\/p>\n\n\n\n<p>4. Ksi\u0105\u017ceczk\u0119 prawid\u0142owo wype\u0142nion\u0105 nale\u017cy z\u0142o\u017cy\u0107 do weryfikacji w Biurze Informacji Turystycznej, ul. Rynek 2, 57-400 Nowa Ruda, tel.\/fax 74 872 03 08, osobi\u015bcie lub korespondencyjnie.<\/p>\n\n\n\n<p>5. Ewidencj\u0119 zweryfikowanych i przyznanych odznak prowadzi Ko\u0142o PTTK im. \u201eGwark\u00f3w Noworudzkich\u201d w Nowej Rudzie z uwzgl\u0119dnieniem: numer kolejny, dane zdobywcy, adres oraz dat\u0119 przyznania odznaki.<\/p>\n\n\n\n<p>6. Przyznanie Odznaki upowa\u017cnia do wykupienia i noszenia Odznaki.<\/p>\n\n\n\n<p><strong>\u00a7 IV. Przepisy ko\u0144cowe<\/strong><\/p>\n\n\n\n<p>1. Ko\u0142o PTTK im. \u201eGwark\u00f3w Noworudzkich\u201d w Nowej Rudzie prowadzi rejestr zdobywc\u00f3w Odznaki i publikuje go na stronie internetowej Ko\u0142a.<\/p>\n\n\n\n<p>2. Regulamin niniejszy zosta\u0142 uchwalony przez Zarz\u0105d Ko\u0142a PTTK im. \u201eGwark\u00f3w Noworudzkich\u201d w dniu 01 lutego 2022 r. (uchwa\u0142a nr 02\/2022) i wchodzi w \u017cycie z dniem og\u0142oszenia.<\/p>\n\n\n\n<p><strong>Po zweryfikowaniu Odznaki<\/strong> mo\u017cna j\u0105 wykupi\u0107 w Biurze Informacji Turystycznej w Nowej Rudzie.<\/p>\n\n\n\n<p><strong>Za\u0142\u0105cznik 1<\/strong><\/p>\n\n\n\n<p><strong>Wykaz punkt\u00f3w zaliczanych do odznaki \u201eKorona Nowej Rudy\u201d:<\/strong><\/p>\n\n\n\n<figure class=\"wp-block-table\"><table><tbody><tr><td><strong>Nr<\/strong><\/td><td><strong>Nazwa<\/strong><\/td><td><strong>wys. n.p.m.<\/strong><\/td><td><strong>GPS<\/strong><\/td><td colspan=\"2\"><strong>Skytka GeoCache<\/strong><\/td><\/tr><tr><td>1<\/td><td>G\u00f3ra \u015bw. Anny<\/td><td>647<\/td><td>N50\u00b0 34&#8242; 0.4561&#8243;, E16\u00b0 30&#8242; 6.7116&#8243;<\/td><td>Letterbox Hybrid<\/td><td><br><\/td><\/tr><tr><td>2<\/td><td>G\u00f3ra Wszystkich \u015awi\u0119tych<\/td><td>648<\/td><td>N50\u00b0 33&#8242; 2.6711&#8243;, E16\u00b0 31&#8242; 16.08&#8243;<\/td><td>Letterbox Hybrid<\/td><td><br><\/td><\/tr><tr><td>3<\/td><td>Bogusza<\/td><td>539<\/td><td>N50\u00b0 35&#8242; 41.5248&#8243; , E16\u00b0 30&#8242; 16.2144&#8243;<\/td><td>Letterbox Hybrid<\/td><td><br><\/td><\/tr><tr><td>4<\/td><td><a href=\"https:\/\/www.geocaching.com\/geocache\/GCA7YV3\">Ruda G\u00f3ra<\/a><\/td><td>516<\/td><td>N50\u00b0 35&#8242; 5.5284&#8243; , E16\u00b0 30&#8242; 40.7772&#8243;<\/td><td>Letterbox Hybrid<\/td><td><br><\/td><\/tr><tr><td>5<\/td><td><a href=\"https:\/\/www.geocaching.com\/geocache\/GCA7YVN\">Wilkowiec<\/a><\/td><td>598<\/td><td>N50\u00b0 32&#8242; 7.6884&#8243; , E16\u00b0 32&#8242; 20.1192&#8243;<\/td><td>Letterbox Hybrid<\/td><td><br><\/td><\/tr><tr><td>6<\/td><td>Kr\u0119piec<\/td><td>645<\/td><td>N50\u00b0 34&#8242; 12.6228&#8243; , E16\u00b0 29&#8242; 33.378&#8243;<\/td><td>Letterbox Hybrid<\/td><td><br><\/td><\/tr><tr><td>7<\/td><td><a href=\"https:\/\/www.geocaching.com\/geocache\/GCA7YTM\">Sokoli Garb<\/a><\/td><td>615<\/td><td>N50\u00b0 34&#8242; 57.3636&#8243; , E16\u00b0 28&#8242; 47.802&#8243;<\/td><td>Letterbox Hybrid<\/td><td><br><\/td><\/tr><\/tbody><\/table><\/figure>\n","protected":false},"excerpt":{"rendered":"<p>REGULAMIN &#8211; Odznaka Regionalna \u201eKorona Nowej Rudy\u201d REGULAMIN ODZNAKI KORONA NOWEJ RUDY \u00a7 I. Postanowienia wst\u0119pne 1. Odznaka Regionalna \u201eKorona Nowej Rudy\u201d, zwana dalej odznak\u0105, ustanowiona zosta\u0142a przez Ko\u0142o PTTK im. \u201eGwark\u00f3w Noworudzkich\u201d. 2. Celem odznaki jest zach\u0119cenie do poznania Nowej Rudy, uprawiania turystyki i krajoznawstwa g\u00f3rskiego oraz odwiedzania atrakcji turystycznych znajduj\u0105cych si\u0119 na terenie [&hellip;]<\/p>\n","protected":false},"author":141,"featured_media":0,"parent":0,"menu_order":0,"comment_status":"closed","ping_status":"closed","template":"","meta":{"ngg_post_thumbnail":0,"footnotes":""},"class_list":["post-6077","page","type-page","status-publish","hentry"],"_links":{"self":[{"href":"https:\/\/kolo-nowaruda.klodzko.pttk.pl\/index.php\/wp-json\/wp\/v2\/pages\/6077","targetHints":{"allow":["GET"]}}],"collection":[{"href":"https:\/\/kolo-nowaruda.klodzko.pttk.pl\/index.php\/wp-json\/wp\/v2\/pages"}],"about":[{"href":"https:\/\/kolo-nowaruda.klodzko.pttk.pl\/index.php\/wp-json\/wp\/v2\/types\/page"}],"author":[{"embeddable":true,"href":"https:\/\/kolo-nowaruda.klodzko.pttk.pl\/index.php\/wp-json\/wp\/v2\/users\/141"}],"replies":[{"embeddable":true,"href":"https:\/\/kolo-nowaruda.klodzko.pttk.pl\/index.php\/wp-json\/wp\/v2\/comments?post=6077"}],"version-history":[{"count":3,"href":"https:\/\/kolo-nowaruda.klodzko.pttk.pl\/index.php\/wp-json\/wp\/v2\/pages\/6077\/revisions"}],"predecessor-version":[{"id":6309,"href":"https:\/\/kolo-nowaruda.klodzko.pttk.pl\/index.php\/wp-json\/wp\/v2\/pages\/6077\/revisions\/6309"}],"wp:attachment":[{"href":"https:\/\/kolo-nowaruda.klodzko.pttk.pl\/index.php\/wp-json\/wp\/v2\/media?parent=6077"}],"curies":[{"name":"wp","href":"https:\/\/api.w.org\/{rel}","templated":true}]}}